ose f*r = 21312 + 8463. Is r prime?
False
Let g(m) = -46*m + 24. Let i be g(23). Let o(d) = -46*d**2 + d + 7. Let n be o(8). Let f = i - n. Is f a composite number?
True
Suppose 72*w - 68*w = 16. Suppose 2*s - 4*h + 2*h = w, -h + 3 = 0. Suppose 3*k + 0*n - 3506 = s*n, 5 = n. Is k a composite number?
True
Let m(u) = 64 + u + 741*u**2 + 1481*u**2 + 2*u - 62. Is m(-1) a prime number?
True
Let q be 3/(-6) + (-343)/(-14). Let s(t) = -t**3 + 32*t**2 - 7*t + 13. Let p be s(q). Suppose 5*b - p = 4*n, 2*b - n - 1780 = -0*n. Is b composite?
True
Let f be (4/8)/(1 - (-22)/(-24)). Let v be (-36)/1*f/(-48)*-8. Let t = 67 + v. Is t a composite number?
False
Is 240074 + 102/(-14) + (-11)/(77/(-2)) a prime number?
False
Let g(f) = -13*f + 31. Let a be g(3). Let m = 245 - a. Is m a prime number?
False
Is 39/(-702) - 13285069/(-126) composite?
False
Suppose 2*h = -m + 16145, 0 = 2*h - 0*h - 5*m - 16163. Let i = h + -4265. Is i a composite number?
True
Let d(o) = -9*o + 234. Let t be d(24). Suppose 0 = 3*n - 13*b + t*b - 24421, -n + 3*b = -8159. Is n composite?
False
Is 3/5 + (-16630336)/(-215) composite?
False
Suppose -2*q = 3*q - 5470. Suppose 2*x + 5*k = -21, -x - 3*x - 3*k - 7 = 0. Suppose -2*s - 5*p + q = 0, x*p + 3 = -5. Is s composite?
False
Suppose 0 = 15211*u - 15217*u + 2740854. Is u composite?
False
Let i = -1 + 1. Suppose 3*c - 2*c - 5 = i. Suppose c*s - 3878 = 3*s. Is s composite?
True
Let j(d) = -4*d - 80. Let v be j(-20). Suppose v = 32*f - 29*f - 17439. Is f prime?
True
Let l(g) = g**3 - 2*g**2 - 13*g + 478. Let m be l(0). Suppose 2*f + 20 = 530. Let x = m - f. Is x prime?
True
Let l be (-2)/4 - (-315)/30. Let i be 56/l + 15/(-25). Let x(y) = 2*y**3 - 11*y + 4. Is x(i) a composite number?
False
Let s(z) = 446*z - 7. Let j be s(4). Let t = -1194 + j. Let g = 1724 - t. Is g prime?
False
Let h(z) = -2*z**3 - 181*z**2 - 62*z + 326. Is h(-99) a prime number?
True
Is (-7 - -10) + 448732 + ((-6)/1)/(-3) a composite number?
True
Let k(m) = 68*m**2 + 9*m + 9. Let d be k(-4). Suppose 1926 = l - 3*n - d, 3*n - 6010 = -2*l. Is l composite?
False
Is (-71)/(355/(-11550)) + -1 prime?
True
Let u be ((-9)/((-90)/4))/((-1)/(-35)). Let b(o) = o**3 - 11*o**2 + 5*o - 27. Is b(u) prime?
True
Let w(q) = -32*q - 84. Let g be w(17). Let k = g - -3237. Is k a prime number?
True
Let t be (-6)/(-27) + (-272)/(-72). Suppose 100 = h + 4*h + 5*o, t = 4*o. Is h a prime number?
True
Let s = -20908 - -257829. Is s composite?
True
Let a(b) = -6142*b**3 + b**2 + 63*b + 125. Is a(-2) a composite number?
False
Let j(y) be the third derivative of 11*y**5/2 - y**4/2 + 5*y**3/2 + 25*y**2. Is j(-6) a prime number?
False
Suppose -4*z = 16*z - 147020. Let i = 24754 - z. Is i composite?
True
Suppose -1867188 + 450930 = -8*k + 367430. Is k composite?
True
Suppose -4*i + 14792 = u - 8645, 3*u - 70256 = -i. Is u a prime number?
True
Let p be (-2 - 3*-5342) + (1 - 4). Suppose 9*i - 4*i - p = 3*w, -5*i + 16019 = -2*w. Is i a prime number?
True
Let n(l) = -4939*l + 662. Is n(-15) a composite number?
False
Let c(t) = t**2 - 4*t + 3. Let s be c(3). Suppose 11*j - 16*j + 45 = s. Suppose 10*d - j*d = 485. Is d a prime number?
False
Let g be (75/10)/(6/4). Suppose m + 5*x = 3104, -2*m - 1608 = g*x - 7836. Let v = m - 1487. Is v a prime number?
True
Let t = -30 + 48. Let a = t + -21. Is (0*a/12)/(-3) - -1201 prime?
True
Let v(g) = 297*g**2 + 40*g - 2519. Is v(-86) prime?
True
Let f(s) = 443*s**3 - 42*s**2 - 52*s + 103. Is f(16) a composite number?
True
Let f(i) = 19*i**2 + 3*i - 4. Let a be f(-3). Let b(j) = -24*j + 19*j + a*j**2 + 0 + 1. Is b(2) composite?
True
Suppose 22*i + 8 = 26*i. Suppose 0*u = -i*u + 266. Suppose -g = -3*g - 3*f + u, 3*g - 4*f = 191. Is g composite?
True
Let g(l) = 8*l**2 - 4*l + 66. Let r be g(7). Suppose r = 5*y - 4*s, 554 - 119 = 5*y - 5*s. Is y a prime number?
False
Let a(i) = 887*i + 589*i - 379*i + 62. Is a(3) composite?
True
Suppose -5*i - 418*q + 420*q = -15675, 0 = 3*i + 3*q - 9426. Is i a composite number?
False
Let j(c) = 183*c**2 - 1464*c - 112. Is j(-45) prime?
True
Suppose -7*i = -4*i - 0*i. Suppose -30*h + 1152625 + 624365 = i. Is h a prime number?
True
Is ((-305)/(-122))/((-30)/(-10236948)) a composite number?
False
Let r be 10 - (0/3 + 3). Suppose -15 = -r*d + 4*d. Suppose 0 = 2*u, 2*o - d*o = 4*u - 5181. Is o a prime number?
False
Let o = -11 - -12. Let y be (392 + 3)*(0 + o). Suppose -a + 372 = -y. Is a prime?
False
Let z = 102760 + 16837. Is z prime?
False
Suppose -3*a = -5*g + 1223, 5*g - 1224 = 10*a - 6*a. Suppose -5*s + 711 = -g. Is s prime?
True
Let v(q) = -q**2 + 3*q + 10. Let b be v(4). Suppose 0 = 8*s - b*s - 5210. Is s composite?
True
Suppose -3*b = -86*b - 2330665 + 69527714. Is b a prime number?
True
Let a be (-12)/15*((-3244)/(-8) + -3). Let i = -114 - a. Let o = 675 - i. Is o a prime number?
True
Suppose 5*c = -5*m + 35, -2 = -c - 1. Is 9245 + m + 1 + 5 a prime number?
True
Let v = -30 - -57. Let w(y) be the third derivative of y**5/60 - 25*y**4/24 - 19*y**3/6 - 34*y**2 + 2. Is w(v) composite?
True
Suppose -5*p + 3075719 = q, 63*p = 60*p - 2*q + 1845437. Is p composite?
True
Is (1/4)/((-114)/(-42805176)) a prime number?
True
Let s(b) = -11*b**3 + b**2 - 10*b - 19. Let x = -344 - -334. Is s(x) prime?
False
Let f be (-1874)/(-22) + 2/(-11). Is (-34*(2 + f/(-10)))/1 a prime number?
False
Let w = -8217 - -39210. Is w prime?
False
Suppose 35*f - 16*f = 817. Suppose -f*n = -89*n + 129214. Is n a prime number?
False
Suppose -52650 = -4*x + 2*i, 5*x = 3*i + 45542 + 20270. Is 13 + -19 - x/(-1) a composite number?
True
Suppose -16 = -21*i + 13*i. Let o(c) = 2*c**i - 11*c - 3*c + 883*c**3 + 10*c - 1. Is o(2) composite?
True
Let y(v) = 17*v**3 + 4*v**2 - 11*v + 1. Suppose 62*z + 70 = 72*z. Is y(z) a prime number?
False
Suppose l - 33 + 12 = 0. Suppose -3*b = 5*z - 10, -3*b = -8*b - 4*z + l. Suppose 0 = -3*t - b*n + 7489, -2*n + 4994 = 2*t + n. Is t composite?
False
Let k = 62 - 67. Is (72 - -2 - k)/1 prime?
True
Suppose 8*f = 9*f - 2*u + 5441, -4*f - u = 21746. Let w = 10884 + f. Is w a composite number?
True
Let c(j) = 103*j**2 - 185*j + 95. Is c(25) prime?
False
Let p be 8/(-44) - 537990/(-11). Suppose -4*b + p = -0*b. Is b prime?
True
Suppose 0 = -3*w - 15*d + 20*d + 17, -12 = 3*d. Let f(x) = -1031*x**3 + 5*x**2 + 4*x - 1. Is f(w) a prime number?
True
Suppose 0 = -22*c + 15*c - o + 13597, -3*c = 5*o - 5809. Is c a composite number?
True
Suppose 18723*y = 18701*y + 8576018. Is y a prime number?
True
Let t = 51264 - 18143. Is t composite?
True
Let n(i) = 12*i**2 - 13*i + 18. Let b be n(9). Suppose -4*p = 3*r - 5*r - 3402, -b = -p - 4*r. Is p composite?
False
Let a = -37 - -98. Let u(d) = -85*d + 1708. Let l be u(20). Let g = l + a. Is g composite?
True
Suppose 70*p - 67*p + k = 33077, 2*k + 8 = 0. Is p prime?
True
Let f be 1841026/110 - 3/5. Suppose -f - 48204 = -20*o. Is o a prime number?
False
Let g = -1726726 + 3685013. Is g a composite number?
False
Suppose 92*d - 68455641 = -49*d. Is d composite?
True
Suppose -19*f + 13*f + 18 = 0. Suppose -s + f*d + 2211 = -910, -4*d = 4*s - 12420. Is s prime?
True
Let x(l) = -l**3 + 20*l**2 + 6*l - 2. Let c = 66 + -57. Is x(c) a prime number?
False
Let v be (21*1/3)/1. Let l(o) = -4 + 29*o - o**2 - v - 3*o. Is l(23) a prime number?
False
Suppose g + 396827 = -78*t + 81*t, -4*t = -10*g - 529146. Is t composite?
True
Let g(j) = 1048*j**2 + 194*j - 221. Is g(-31) prime?
False
Let c(y) be the second derivative of 5*y**4/12 + 7*y**3/6 + 9*y**2/2 + y + 46. Is c(14) prime?
True
Is 1535480875/3625 - (-4)/58 a prime number?
True
Let c(s) = s - 4. Let m be c(8). Suppose -4*v - m*v + 4*v = 0. Suppose -1561 = -4*f - g, -5*f + 4*f + g + 394 = v. Is f composite?
True
Let o = 27 - -408. Suppose o = 9*d - 4*d. Is d a composite number?
True
Let h(s) = s**2 - 9. Let n be h(-6). Suppose 10*b + n = -43. Let i(o) = o**2 - 26*o + 8. Is i(b) a composite number?
False
Suppose 3*h - 5*j = 30*h - 5672649, -1050503 = -5*h - 3*j. Is h a composite number?
False
Suppose 3*t + 4*q = 342, 6*t - 2*t + 5*q - 456 = 0. Let s = t - -35. Is s a prime number?
True
Suppose -2*o - 2*j + 4430 - 904 = 0, 5*o = -2*j + 8809. Let k = 864 - 14. Let a = o - k. Is a composite?
False
Let j(u) = 3*u - 39. Let s be j(19). Is 1363 + (s/(-8) - 2/(-8)) a composite nu